t is the units digit of w?
4
Let m = -67 + 96. What is the tens digit of m?
2
Let y be (-3)/(-2)*20/(-30). What is the tens digit of 15/((-2 + y)/(-3))?
1
Let a be (21/28)/((-2)/(-8)). Suppose -a*h - 3 = 0, -2*h = -5*w - 4*h + 8. What is the units digit of w?
2
Let c(p) = p + 2. Let v be c(-1). Let k(x) = 2*x**2 + 12*x + 12. Let j be k(-5). Let o = j - v. What is the units digit of o?
1
Let s be 2/((-32)/(-44))*16. Suppose 0 = c - 0*c - s. What is the units digit of c?
4
What is the tens digit of 64 - (-1 - 2 - -5)?
6
What is the units digit of (-1 + 46)*30/75?
8
Let h = 14 + -2. Suppose -4*i + 3*d = -19, -2*d - 2 = -3*i + h. What is the units digit of i?
4
Suppose d - 37 = 4*c + 1, 10 = 2*c. What is the units digit of d?
8
Suppose 3*w + r - 232 = 0, -5*w + r = -3*w - 158. What is the tens digit of w?
7
Let y be ((-2)/(-6))/(1/15). Suppose 43 = 5*d + 2*h, -d - 4*h + 3 = -y*h. Suppose d = -0*g + g. What is the units digit of g?
7
Let l = 8 - 5. Suppose -5*f - k + 4 = k, 2*f - l*k = -6. Suppose f = 2*g + 2*d - 14, 0 = 4*g + 5*d - 4 - 24. What is the units digit of g?
7
Suppose -1 + 0 = w. Let d(z) = -7*z**3 + z + 1. What is the units digit of d(w)?
7
Let u = 42 + -31. What is the tens digit of u?
1
Let q(n) = n**3 + 5*n**2 + 6*n + 3. Let g be q(-4). What is the units digit of 135/18*(-6)/g?
9
What is the units digit of 4/22 - (-4484)/22?
4
Let f = -4 - -6. Suppose -4*s = 2*a - 60, 4*s - 6 = f*s + 5*a. What is the units digit of s?
3
Let o = -8 - 0. Let w(i) = -i**3 + i**2 + i. Let z(y) = 4*y**3 + 6*y**2 + 6*y - 1. Let a(f) = -3*w(f) - z(f). What is the units digit of a(o)?
9
What is the units digit of 740/15*(4 + -1)?
8
Suppose -4*a - 4*n - 22 = 34, -2*a - 31 = n. Let r = a + 36. What is the units digit of r?
9
Suppose 92*t = 97*t - 530. What is the hundreds digit of t?
1
Let n(o) = o**2 + 3*o - 5. Let w be n(-5). Suppose -4 = w*j - 34. What is the units digit of j?
6
Let o(q) = 3*q - 6. Let p be o(3). Suppose 2*n = p*c - 88, -7*c = -2*c - 2*n - 148. What is the units digit of c?
0
Let f be (-76)/19 - (1 + -136). Suppose -4*n + f = 3*s, s + s + 19 = n. What is the tens digit of n?
2
Suppose 5*c - 24 + 2 = 2*d, 2*c - 10 = 2*d. What is the units digit of ((-2)/c)/(1/(-54))?
7
Let t = 242 - 6. What is the units digit of t?
6
Suppose 2*x - 4*t - 64 = 0, 3*x - 3*t - 81 = -0*t. What is the units digit of x?
2
Let n(p) = p**2 - 5*p + 7. Let q be n(3). Suppose 0 = 2*k - 4*k + 4. Let u = k - q. What is the units digit of u?
1
Let k(q) = 25*q - 16. What is the hundreds digit of k(8)?
1
Let q(r) = -3*r**3 + 2*r + 2. Let c(h) = -7*h**3 + h**2 + 3*h + 3. Let w(k) = -2*c(k) + 5*q(k). What is the units digit of w(-3)?
1
Let k(o) = o**2 + 12*o + 15. Let n(r) = r**3 - 6*r**2 + 2*r + 5. Let t be n(5). Let s be k(t). What is the units digit of s/((-45)/6)*6?
4
Let m(a) = a**2 + 5*a - 3. Let u be m(-5). Let o be u/6 + 34/4. What is the units digit of (1/2)/(2/o)?
2
Suppose 2*v = 56 - 192. Let t = -47 - v. What is the units digit of t?
1
Let c = 33 - 8. What is the tens digit of c?
2
Suppose 2*g + 11 = 4*p - 1, -3*p + 9 = 4*g. Suppose 0 = -6*n + p*n + 18. What is the units digit of n?
6
Suppose 5 = 3*j - 67. Let i be j/4*10/(-6). What is the tens digit of 2 + (-2 - -1) - i?
1
Let w(h) = -h**3 + 3*h**2 + 3. Let i(p) = -2*p + 1. Let y be i(-1). What is the units digit of w(y)?
3
Let o(g) = -g**2 + 8*g + 10. What is the units digit of o(9)?
1
Suppose -3*q + 11 = -j - 0*j, 0 = 2*q - 8. Let c = 7 + j. What is the units digit of c?
8
Let a(p) = p**2 - 2*p - 1. Let k be a(2). What is the tens digit of k/2*-4 - -24?
2
Let x be -6*((-6)/(-4))/(-3). Suppose -4*p = c + c - 30, c = p - x. What is the units digit of p?
6
Let u(x) = x**3 + 9*x**2 + 8*x - 5. What is the units digit of u(-7)?
7
Let r = 123 + -91. What is the units digit of r?
2
Let t(f) = f**3 + 9*f**2 + 3*f - 1. What is the tens digit of t(-8)?
3
Let m(b) = 0*b**3 + b**3 + 1 - 9*b + 9*b**2 + 8*b - 7. Let i(a) = -2*a + 11. Let g be i(10). What is the units digit of m(g)?
3
What is the units digit of (0 - (-4 - -5)) + 2?
1
Let f be -1 + 4 - (5 - 4). What is the units digit of (-1 + 9)/(1*f)?
4
Let t(g) = -g. Suppose 5*o - 3 = -f, 7 = o + 4*f - 5. Let m be t(o). Suppose 2*n + 1 - 7 = m. What is the units digit of n?
3
Suppose -3*z + 17 = -2*l, z + 4*z = 3*l + 30. Suppose -z = s - 2*s. What is the units digit of s?
9
Let s(p) = p**3 + 8*p**2 - 10*p - 18. What is the tens digit of s(-8)?
6
What is the tens digit of ((-2619)/(-54))/((-2)/(-8))?
9
Let o be 5 - (-1)/(1/(-2)). Suppose o*x - 15 = -6. Suppose -k + 6 = -x. What is the units digit of k?
9
Let s be 70/(-4) + 1/2. Let g = s - -30. What is the tens digit of g?
1
Let b = -62 - -151. Suppose -3*r + 2*r = q - 42, -b = -2*q + 3*r. Suppose 5*c - q = 7. What is the units digit of c?
0
What is the units digit of 1/4 - ((-1221)/12 + 3)?
9
Let w(b) = 4*b**2 + b - 6. What is the tens digit of w(4)?
6
Suppose -4*a - 12 = 3*s, -3*a = -5*s - 4 + 13. Suppose s*u = u - 3. Let n = u + 5. What is the units digit of n?
8
What is the units digit of 8/44 + (-7740)/(-22) + -1?
1
Let z = -28 - -52. What is the units digit of z?
4
Let f = 45 - 26. Suppose 4*o - f = 9. What is the units digit of o?
7
Let f = -27 - -61. Suppose 4 = -3*x + f. Suppose -3*y + 2 = -x. What is the units digit of y?
4
Let b(v) = -v**2 - 13*v + 3. What is the units digit of b(-9)?
9
Suppose -2*t + 2 + 8 = -5*o, 0 = -2*o - 5*t + 25. Suppose o = -4*m + 5*m + 14. Let k = m + 24. What is the tens digit of k?
1
Suppose -2*u = -4*i + u + 231, -u = 3*i - 157. Let g = i - 37. What is the tens digit of g?
1
Let h(n) = n**2 + 4*n - 2. Let k be h(-6). Suppose 2*q = -2 + k. Suppose -4*c - y + 1 + 36 = 0, -2*y = q*c - 34. What is the tens digit of c?
1
Let n be 0*-1*(-1)/2. Suppose 3*g + 5*v = g + 14, 4*g - 5*v - 28 = n. What is the units digit of g?
7
Let d(m) = 10*m - 7. What is the tens digit of d(4)?
3
Let s be 2/4*(36 - 6). Let f = -9 + s. What is the units digit of f?
6
Let y(a) = a**2 - 3*a + 10. Let q = -7 - -12. What is the tens digit of y(q)?
2
Let l(g) = -g**3 - 2*g**2 - 4*g - 3. Let q be ((-18)/(-12))/((-6)/8). What is the units digit of l(q)?
5
Suppose 0*f = -f + 4, 3*g - 297 = -3*f. What is the units digit of g?
5
Let q be (-248)/(-10) + (-1)/(-5). Suppose -2*w + q = -23. Suppose -2*n - 4*t + w = 0, -9 = -5*n - 2*t + 19. What is the units digit of n?
4
What is the tens digit of 4/(-22) - (-1635)/55*3?
8
Let f(x) = x**2 - x - 7. Let j(n) = -2*n**2 + 3*n + 14. Let h(d) = -5*f(d) - 2*j(d). What is the units digit of h(0)?
7
Suppose 2*z - m - 615 = 0, 2*z = 4*m + 516 + 102. What is the tens digit of z?
0
Let k = 212 - -42. What is the units digit of k?
4
Let k(o) = 3*o + 1. Let d be k(-1). What is the units digit of 27 + 1*6/d?
4
Let f = 0 - -2. Suppose 12 = -0*q - 3*q + f*d, -5*q - 3*d = 39. Let w = q - -8. What is the units digit of w?
2
Suppose -23 - 2 = -5*m. Suppose 3 = -m*h - 2. What is the units digit of (-4)/(-6) + h/(-3)?
1
Let o = 82 + -49. What is the units digit of o?
3
Let x = 8 - 10. Let a(f) = -3*f**3 - 2*f**2 + 1. What is the units digit of a(x)?
7
Suppose 14 = -7*m + 56. What is the units digit of m?
6
Suppose 3*h - 12 = -0*h. Suppose -h*j + 4 + 12 = 0. Suppose -2*n = -4*q - 14, -j*n + 3*n + 2 = 3*q. What is the units digit of n?
5
Let p(z) = -z**3 - 5*z**2 - 3*z + 1. Let x be p(-6). Suppose a - 4*a + 5 = h, a = 3*h - x. What is the units digit of h?
7
Let w(b) = -b - 8. Let f be w(-10). What is the units digit of f/(-8) + (-165)/(-20)?
8
Let x = -2 + 4. Let f be 8/(-2) + (-4)/x. Let s = 0 - f. What is the units digit of s?
6
Suppose 0 = 3*h + 12 - 0, 3*h + 372 = 5*l. What is the units digit of l?
2
Let p be (-2 + 6 + 1)*1. Suppose -p*x + 2*x + 48 = 0. What is the tens digit of x?
1
Let n be (3/(-3))/((-1)/3). Suppose 2 = r - m + 2*m, n*m - 6 = r. Suppose r = -4*g + 2*g + 4. What is the units digit of g?
2
Let g = 17 - 12. Suppose g - 11 = -w. What is the units digit of w?
6
Let b(m) = 115*m**2 - 6*m - 6. What is the tens digit of b(-1)?
1
Let v(k) = -k**3 - 11*k**2 - 2*k + 1. Let a(g) = g**3 + 10*g**2 + 3*g. Let m(j) = -3*a(j) - 2*v(j). Let w be m(-7). What is the tens digit of 3 + -5 - (1 + w)?
1
Let y be (-17)/(-5) - 18/45. What is the tens digit of (288/4)/y + 1?
2
Suppose -2*h - 394 - 40